 c.
6
Suppose 3*a + 4*q = 1112, q + 1855 = 5*a + 6*q. What is the greatest common divisor of a and 12?
12
Suppose 4*k - 7 = 3*d, -2*k + 0*k + 20 = 4*d. Suppose -m - 1 = -c - 4*c, -k*m - 3*c = -65. What is the highest common divisor of 14 and m?
14
Let v be (-2 + -1)*2/(-6). Suppose 3*j = -4*d + 35, 0 = -d + 2 - 0. Calculate the highest common factor of v and j.
1
Let f be (4/(4/(-3)) - -3) + 12. What is the greatest common divisor of f and 48?
12
Let v(i) = -i**2 - i - 80. Let m be v(0). Let s be -3*1 - (m + 0). What is the highest common factor of 7 and s?
7
Suppose -15*s = -11*s + 100. Let j be (-10)/s - (-1706)/10. Calculate the highest common factor of 19 and j.
19
Suppose 21*z = 11*z + 400. What is the highest common factor of 280 and z?
40
Let s(f) = 5*f**2 - 3*f - 2. Let q be s(4). Suppose -5*l + w + q = -w, 5*l - 60 = 5*w. Let u = -2 + l. What is the greatest common divisor of 30 and u?
6
Let c(j) = 4*j**2 - 13*j + 7. Let h be c(5). Let a = -31 - -87. Calculate the greatest common divisor of a and h.
14
Suppose 680 = 3*d + 5*a, 66 = d + 4*a - 156. Calculate the greatest common divisor of 46 and d.
46
Let r = -238 - -400. Calculate the highest common factor of r and 36.
18
Let g = -60 + 65. Suppose -x = -3*x - 4, -4*p - g*x + 170 = 0. Calculate the highest common divisor of 27 and p.
9
Let h = 61 + -53. Let y(l) = 2*l**2 - 11*l + 15. Let w be y(h). What is the highest common divisor of 22 and w?
11
Let n(w) = w**3 + 2*w**2 - 3*w - 1. Let p be n(-2). Suppose -4*b + p*b = 60. Let f = 130 - b. Calculate the highest common divisor of 10 and f.
10
Suppose -106 = -d + a, 4*d - 2*a - 530 = -d. What is the highest common divisor of 4 and d?
2
Let r = 4 + -1. Suppose -19 = -4*b - r. Suppose b*g = g + 4*h + 112, -5*g + 4*h + 192 = 0. What is the greatest common factor of 4 and g?
4
Let x be (-8)/(40/(-1455))*1/(-3). Let t = x - -111. Calculate the highest common factor of 28 and t.
14
Suppose -1 = -5*y + 39. Suppose 2*m + 2*m = y. Calculate the highest common factor of m and 2.
2
Let k be (-2)/(-5) + (-36)/(-10). Let b = -65 - -67. Let y be k - b - (-6 - 25). What is the greatest common divisor of y and 11?
11
Let k = 1765 - 1613. Calculate the greatest common divisor of 8 and k.
8
Let o = 103 + 450. What is the greatest common divisor of 79 and o?
79
Let p be (22/(-5))/((-2)/10). Let i be 4/p + (-480)/(-22). Let x = -23 - -45. Calculate the greatest common factor of x and i.
22
Suppose -319 = -7*c - 53. What is the highest common factor of 190 and c?
38
Let u be 2165/25 + (-8)/(-20). Let j(b) = b**2 - 6*b + 5. Let v be j(4). Let a be (-1)/(v/174 + 0). What is the greatest common divisor of u and a?
29
Let j(y) = y**3 + 3*y**2 - 4*y + 2. Let a be j(-4). Suppose 0 = w - 3*w - 5*q + 191, 0 = a*w - q - 221. Calculate the greatest common factor of 27 and w.
27
Suppose -2*y - 4*o + 15 = o, -y = 5*o. Suppose 3*s - 6*s + 900 = 0. Suppose 10*i = 14*i - s. Calculate the greatest common divisor of y and i.
15
Let i = -327 + 1152. Calculate the highest common factor of 33 and i.
33
Suppose 0 = -13*y + 18*y + 5*m - 6250, 2486 = 2*y - 5*m. What is the highest common factor of y and 78?
78
Suppose -5*k = 6*k - 847. What is the highest common factor of k and 63?
7
Let a = 203 - -456. Suppose 61 = 3*r - a. What is the greatest common factor of 30 and r?
30
Suppose -11 = -5*i - 4*r + 2*r, 3*i - 2*r - 13 = 0. Suppose 6 = 4*d - i*d. Let m = d - 1. Calculate the highest common divisor of 1 and m.
1
Suppose 216 = 2*p - 2*q, 5*p - q - 291 = 261. What is the highest common factor of p and 111?
111
Let l(m) = -m - 4. Let q be l(-6). Suppose q*z - 18 = 10. Suppose -a + 980 = 6*a. What is the highest common factor of a and z?
14
Suppose -6*j + 11 = -1. Let a be (445/20 - j)/(2/16). Calculate the greatest common divisor of a and 18.
18
Let n = 31 + 5. Let g = 147 - 93. Calculate the greatest common factor of g and n.
18
Let q(o) = o**3 - 11*o**2 + 11*o - 2. Let s be q(10). Let x = s - 0. What is the greatest common divisor of 40 and x?
8
Suppose 177 = 5*j + 52. Suppose 0 = 5*q - 10*q + j. Suppose q*c = 2*c - 5*t + 97, -3*c + 5*t = -47. Calculate the greatest common factor of 3 and c.
3
Suppose -5*o - 20 = -9*o. Let m be 26/6 - (-1)/(-3). Suppose -w = 5*v - m*v - 7, -o*w + 5 = -5*v. What is the highest common factor of w and 36?
4
Let d = -183 - -309. Suppose -2*r = -5*r. Suppose 9*s - 14*s + 90 = r. What is the greatest common factor of s and d?
18
Let o be (88/12)/((-6)/18). Let f be 28/(-3)*99/o. Let q = 14 - 8. Calculate the greatest common divisor of q and f.
6
Let c be (-8 + 4 + 10)*(-555)/(-6). What is the highest common divisor of 15 and c?
15
Let z be 8*(0/(-2) + 1). Let b = 28441 + -28385. What is the greatest common divisor of b and z?
8
Let d(p) = p**3 - 3*p + 1. Let t be d(2). Let r be (54/15 - t)*105. What is the greatest common divisor of r and 7?
7
Let t be (-1)/((7 - 4)/(-27)). Suppose 223 = t*o - 128. Calculate the greatest common factor of 156 and o.
39
Suppose 3*v - 46 = v - 2*u, -59 = -3*v + 2*u. Let x = -465 + 528. What is the greatest common factor of v and x?
21
Let p be -2*(-4 + -2)/(2/11). Suppose 4*s - 10*n = -9*n + p, -3*n = 6. Calculate the highest common divisor of 160 and s.
16
Let w = -168 + 197. Calculate the greatest common divisor of 319 and w.
29
Let y(u) = 2*u**2 + u + 6. Let j = -17 - -17. Let g be y(j). Suppose -5*m = -2*b + 31, -b + 2*m + g + 8 = 0. What is the greatest common divisor of 32 and b?
8
Let q(r) = r + 20. Let n(t) = -t**2 - 8*t + 10. Let w be n(-7). Let d = 26 - w. Let k be q(d). Calculate the greatest common divisor of 232 and k.
29
Let b = 7 + 19. Suppose b*m - 105 = 21*m. What is the highest common divisor of m and 3?
3
Let b = 85 + -147. Let r = -27 - b. Calculate the greatest common factor of 14 and r.
7
Let j(p) = p + 3. Let q be j(-1). Suppose 10*o + q = 11*o. Suppose 4*a = o*m - 0*m - 26, 3*a = m - 13. What is the greatest common divisor of 143 and m?
13
Let k be (26/(-8))/(12/(-144)). What is the highest common divisor of 1911 and k?
39
Suppose 4*w + 5*s - 70 = 0, 0*s = w + s - 18. Suppose -12 - 4 = -2*i. Let z be w/i*12/10. What is the greatest common factor of 9 and z?
3
Suppose -4*s - 470 = -q, -890 = -2*q - 0*q - 2*s. Suppose -3*m - q = -6*m. Suppose -2*c + 4*c = m. Calculate the greatest common factor of c and 25.
25
Let q be 2/(-12) - (-669)/18. Let v = q - 24. Suppose -5*z = s - 713 - 3, 717 = 5*z + 2*s. Calculate the greatest common factor of v and z.
13
Let m(l) = l**3 - 9*l**2 - 37*l + 24. Let p be m(12). What is the greatest common factor of p and 3?
3
Suppose 8 = -w - 0. Let l = 17 + w. Let m = -45 + 63. Calculate the highest common divisor of m and l.
9
Suppose 5*j - 50 = 5*q, -2*j + 0*q = -5*q - 14. Let n be (6/8 - (-2)/8)*4. Calculate the highest common factor of j and n.
4
Suppose 4*p + 0*p = 12, -4*p + 18 = 2*i. Suppose 0 = 2*d + i*d - 225. Calculate the highest common factor of d and 9.
9
Let p = -59 - -44. Let j be (-1)/3*(2 + p)*9. What is the greatest common factor of 429 and j?
39
Let i = -538 + 562. Calculate the greatest common divisor of i and 24.
24
Suppose -41*p - 999 = -44*p. What is the highest common factor of p and 37?
37
Let y be 1*(-1)/(-2 + 1). Let h = 2 + 3. Suppose 3*z - 7 = -5*f, -13 = z + h*f - 2. Calculate the highest common divisor of y and z.
1
Let d = 460 - 448. What is the greatest common divisor of 9 and d?
3
Let t = -25 - -45. Suppose 3*j + 13 = 73. What is the greatest common factor of t and j?
20
Suppose 270 = 11*p - 5*p. What is the greatest common divisor of p and 20?
5
Let r be 18 + 1 - (-7 - -9). Suppose 27*i - 35*i = -1088. What is the greatest common factor of i and r?
17
Let r = 1277 + -1169. Calculate the highest common factor of r and 84.
12
Let z be (386/(-4) + 9)*-2. Calculate the greatest common factor of 560 and z.
35
Let b = -85 - -255. Suppose 0 = -g - 5*n - 9, -2*n - 2 + 3 = 5*g. Let d be g/(-3) + b/15. Calculate the highest common divisor of d and 77.
11
Let a(b) = 7*b**2 - 17*b - 3. Let v be a(-6). What is the highest common divisor of v and 78?
39
Suppose -2175 + 63 = -6*t. Calculate the highest common factor of t and 32.
32
Let c = 39 + -39. Let b(a) = a**3 + a + 15. Let n be b(c). Calculate the highest common factor of n and 45.
15
Let b(q) 